 prime number?
False
Is 26992843057 a prime number?
True
Is 5342941039 a prime number?
True
Is 5966468213 prime?
True
Is 358016441 composite?
False
Is 14549213179 composite?
True
Is 120620115379 a composite number?
False
Is 18854700889 a prime number?
True
Is 2925969901 a composite number?
False
Is 19318902763 prime?
True
Is 30158781227 a prime number?
True
Is 90311179307 prime?
True
Is 154362281 prime?
True
Is 5997708503 a prime number?
False
Is 1293724637 a composite number?
False
Is 8047146739 a composite number?
False
Is 895595539 prime?
False
Is 33973512647 a prime number?
False
Is 2443018367 a composite number?
True
Is 57066743 prime?
False
Is 37747665943 a composite number?
True
Is 2266108699 composite?
False
Is 303583283 prime?
True
Is 1931344771 a composite number?
False
Is 308884073 composite?
False
Is 23233645231 a composite number?
False
Is 11210033111 prime?
True
Is 3410940121 a composite number?
True
Is 20013288877 prime?
False
Is 14368283761 prime?
False
Is 2397921671 composite?
True
Is 1155062063 prime?
True
Is 22102726279 a prime number?
False
Is 674968999 prime?
False
Is 1208666789 prime?
False
Is 232394951 prime?
False
Is 1751838997 prime?
True
Is 1271927309 composite?
True
Is 239750033 a prime number?
False
Is 83683946 a prime number?
False
Is 3967998317 composite?
False
Is 1105236763 prime?
False
Is 18382642547 prime?
False
Is 1961735543 a prime number?
True
Is 55261320571 composite?
True
Is 664727101 composite?
False
Is 613400509 prime?
False
Is 7619828311 prime?
False
Is 205270930757 prime?
False
Is 778912499 a composite number?
True
Is 3720610639 composite?
False
Is 870557297 prime?
True
Is 15860972927 a composite number?
False
Is 2762205983 a composite number?
True
Is 3715430951 composite?
True
Is 310992629 prime?
False
Is 1681307743 prime?
False
Is 118178979091 a composite number?
True
Is 107724675389 a composite number?
False
Is 517173053 a composite number?
False
Is 6363631 a prime number?
False
Is 6935897321 prime?
True
Is 1155935173 a prime number?
False
Is 4179474617 prime?
False
Is 477127349 composite?
False
Is 1792463203 a composite number?
False
Is 127200048715 composite?
True
Is 3914615273 prime?
True
Is 128578754119 prime?
True
Is 51502582507 a prime number?
True
Is 420446483 a composite number?
False
Is 150774078677 composite?
False
Is 155869135451 composite?
True
Is 588245893 a prime number?
True
Is 2931631243 a prime number?
False
Is 141587191 a prime number?
True
Is 4166986013 a composite number?
False
Is 22884683197 a composite number?
True
Is 87087061373 a prime number?
False
Is 271192093 a composite number?
True
Is 807884971 a prime number?
True
Is 205376555 composite?
True
Is 5478121513 prime?
True
Is 940797121 a composite number?
True
Is 10084296763 composite?
False
Is 1756996531 prime?
True
Is 209254627 a composite number?
False
Is 7258205373 composite?
True
Is 759683129 prime?
True
Is 957310369 composite?
False
Is 139985879443 composite?
False
Is 141187368827 composite?
False
Is 3296732074 composite?
True
Is 851363551 a composite number?
False
Is 38173508881 a prime number?
False
Is 1470717851 a composite number?
False
Is 1734677209 a composite number?
True
Is 14400615779 a composite number?
True
Is 16310307799 a composite number?
False
Is 20682461 a prime number?
True
Is 55161675319 prime?
False
Is 60592690463 a prime number?
True
Is 95321470553 composite?
False
Is 843416351 prime?
False
Is 6970887237 a prime number?
False
Is 122245751 prime?
False
Is 6699003383 prime?
True
Is 142104643 a composite number?
False
Is 12100407853 a composite number?
True
Is 93845348027 prime?
False
Is 984366067 a composite number?
True
Is 519951143 a composite number?
False
Is 59361000947 composite?
False
Is 13027056745 prime?
False
Is 2319424979 a prime number?
False
Is 847023637 prime?
True
Is 1289043179 prime?
True
Is 12558727073 a prime number?
False
Is 26482680859 composite?
True
Is 15302651569 a prime number?
True
Is 19657167899 a composite number?
False
Is 2266990363 composite?
True
Is 3741903443 prime?
True
Is 125644886431 a composite number?
True
Is 15024213959 composite?
False
Is 20470797527 prime?
True
Is 31561877267 a prime number?
True
Is 7826043343 composite?
True
Is 8040130967 a composite number?
True
Is 294224393 composite?
False
Is 11731862035 a prime number?
False
Is 2754836437 a composite number?
True
Is 42008986561 composite?
True
Is 1162463231 a composite number?
True
Is 7031541103 prime?
True
Is 1568279477 a prime number?
True
Is 1712842247 a prime number?
False
Is 217765315033 a composite number?
True
Is 7282091599 composite?
False
Is 769328663 prime?
True
Is 277811417 a composite number?
True
Is 8833517893 a composite number?
True
Is 2024029159 composite?
True
Is 12464327231 a prime number?
True
Is 29110421039 prime?
False
Is 126162833461 a prime number?
False
Is 29135938717 a composite number?
False
Is 18157333 prime?
False
Is 2340350269 a composite number?
False
Is 350128081 composite?
True
Is 977341487 composite?
True
Is 183240979 prime?
False
Is 1512308911 composite?
True
Is 6359581885 a composite number?
True
Is 5703767107 a composite number?
False
Is 296084463 composite?
True
Is 36350035301 composite?
False
Is 2726898983 prime?
False
Is 5378870461 composite?
True
Is 11480066267 a prime number?
False
Is 725126141 a prime number?
True
Is 18454977193 a prime number?
False
Is 44441890631 a prime number?
True
Is 2806974203 composite?
True
Is 61764347 a prime number?
False
Is 2148395801 a composite number?
False
Is 298860631 a prime number?
False
Is 5645770763 composite?
True
Is 74778373 a composite number?
False
Is 1398384047 a prime number?
True
Is 32146497511 composite?
False
Is 7450292149 a composite number?
True
Is 741779711 composite?
False
Is 43739007197 a composite number?
False
Is 1275943519 a prime number?
True
Is 1254916049 composite?
True
Is 884383387 prime?
False
Is 279361421 composite?
True
Is 829886027 prime?
False
Is 2956028363 a prime number?
True
Is 2253781157 composite?
True
Is 6542514617 a composite number?
True
Is 2379023029 a prime number?
True
Is 13914579397 prime?
True
Is 221623990453 a prime number?
True
Is 47581883549 a prime number?
True
Is 6701166001 a prime number?
False
Is 5738471327 prime?
True
Is 15537977417 composite?
True
Is 4071070966 a composite number?
True
Is 5244765061 composite?
True
Is 1452839471 a composite number?
True
Is 3842497705 prime?
False
Is 132598920569 a composite number?
False
Is 1616339689 composite?
False
Is 7511375153 a prime number?
False
Is 908550147 prime?
False
Is 1248882603 prime?
False
Is 52040747881 a composite number?
False
Is 257431387 a composite number?
True
Is 32589604727 prime?
False
Is 842543623 prime?
False
Is 36241932973 composite?
False
Is 202382069 a composite number?
False
Is 347517587569 prime?
True
Is 156830299747 prime?
False
Is 680663849 composite?
False
Is 326027753 prime?
False
Is 223202065409 composite?
True
Is 192892963 a composite number?
False
Is 8681685013 a prime number?
False
Is 4182861079 composite?
False
Is 630954761 a prime number?
True
Is 72640873199 prime?
True
Is 2576334626 a prime number?
False
Is 4412953859 a prime number?
False
Is 9231109759 prime?
False
Is 3161260027 a prime number?
False
Is 11077157239 prime?
False
Is 204736303 a composite number?
False
Is 8387613809 a prime number?
True
Is 444646691 a prime number?
True
Is 620206837 composite?
True
Is 7768963619 a prime number?
True
Is 647705767 a prime number?
True
Is 25979432099 a composite number?
True
Is 1471278119 prime?
False
Is 8850975017 prime?
False
Is 66963490827 prime?
False
Is 17879841949 a composite number?
False
Is 1924903679 a composite number?
False
Is 3705395717 a prime number?
True
Is 13360595099 a prime number?
True
Is 12818143139 prime?
True
Is 36461835499 composite?
False
Is 191049359 a prime number?
False
Is 6878499671 a composite number?
False
Is 32776511587 prime?
True
Is 502027627 a composite number?
False
Is 27861559667 a composite number?
False
Is 73918175381 composite?
False
Is 10077596183 a composite number?
False
Is 37121569603 prime?
True
Is 151347298631 a prime number?
True
Is 11879764261 composite?
False
Is 1738813649 a prime number?
False
Is 348154319 a prime number?
False
Is 5117933053 prime?
True
Is 6538